rs of g.
2, 3, 5
Let o(q) = 3. Let p(s) = -395*s - 28. Let z(b) = 6*o(b) - p(b). List the prime factors of z(4).
2, 3, 271
Let b(k) = -4*k. Let n be b(0). Suppose n = -4*y + 5 + 3. List the prime factors of (-3)/y*(-8)/3.
2
Suppose 2*p = 5*i - 45, 7*p - 3*p = -4*i + 8. Suppose i*f - f = 84. List the prime factors of f.
2, 7
Let a(u) = -u**3 - 10*u**2 - 10*u - 5. Let v be a(-9). Suppose v*i - 810 = -i. Suppose 2*f = -2*f - 2*h + i, -f + 2*h = -28. What are the prime factors of f?
2, 19
Suppose -14*t + 330*t = 18087840. List the prime factors of t.
2, 3, 5, 53
Suppose 25 = x + 5. Suppose 0 = -x*i + 15*i + 25. Let g(h) = h**3 - 3*h**2 + 3*h - 10. List the prime factors of g(i).
5, 11
Let j(i) = 64*i - 2 - 1586*i + 0. Let m be j(-2). Suppose m = 8*c + 5*c. List the prime factors of c.
2, 3, 13
Let j be 1 - 3 - (1 - 44). Let x = 43 - j. List the prime factors of (-20)/8*x + 206.
3, 67
Let p(r) = -r**3 - 4*r - 7 + 0*r - 19*r**2 + 3*r. Let g be p(-19). Let s(d) = -d**3 + 13*d**2 + 3*d + 26. What are the prime factors of s(g)?
2, 103
Let a(j) = 2*j**2 - 42*j + 6. Let d be a(21). What are the prime factors of (d - (-884)/(-3))*(-3)/2?
433
Let o(j) = -570*j + 1296. What are the prime factors of o(-21)?
2, 3, 11, 67
Let u(m) be the second derivative of -m**4/6 + 59*m**2/2 + 7*m. Let c be u(-7). Let i = 42 + c. What are the prime factors of i?
3
Let p = -68 - -72. Suppose 0 = -p*v + 5*r + 877, 4*v - r + 4*r = 901. What are the prime factors of v?
223
Suppose -k + q + 19669 = 0, 1085*q + 39333 = 2*k + 1088*q. List the prime factors of k.
2, 3, 11, 149
Let m = -10805 + 16680. List the prime factors of m.
5, 47
Suppose 132115 = 121*d - 19619. List the prime factors of d.
2, 3, 11, 19
Let n = 82 + -92. Let v be 25/n*(-4)/5. Suppose -2*j = -4*f + 430, -6*f = -v*f - 4*j - 428. What are the prime factors of f?
2, 3
What are the prime factors of (2 + -5367)*7303/(-545)?
29, 37, 67
List the prime factors of (-582496)/(-240) - 2/30.
3, 809
Let u = -306 - -176. List the prime factors of (52/u)/(2/(-910)).
2, 7, 13
Suppose 4*j + 9*a = 13*a + 12160, 2*j - 6096 = -2*a. What are the prime factors of j?
2, 761
Let i(d) = 3020*d**2 + 11*d - 17. List the prime factors of i(-3).
2, 5, 2713
Let m(g) be the third derivative of 0*g - 8*g**2 + 0 + 0*g**3 - 5/12*g**4. What are the prime factors of m(-2)?
2, 5
Suppose 3*k - 35 + 29 = 0. Suppose -q - 3 = 0, 2*y + 0*y + k*q = 80. Suppose -6*p + 59 = -y. List the prime factors of p.
17
Let d(k) = -18*k - 159. Let a(x) = -24*x - 26. Let y be a(0). List the prime factors of d(y).
3, 103
Let t = 331 + -328. Suppose 2*o = 10, t*h + h - 1774 = 2*o. List the prime factors of h.
2, 223
Suppose 0 = -49*s + 46*s - 2349. Let d = -408 - s. What are the prime factors of d?
3, 5
Let b(h) be the second derivative of 21*h**5/10 - h**4/6 + h**3/2 + 3*h**2 + 219*h. What are the prime factors of b(3)?
3, 13, 29
Let t(b) = -3*b - 26. Let o be t(-9). Suppose 2 = -2*s - 4*q, s - 7 = -3*q + 5*q. What are the prime factors of (1/(-3)*o)/(s/(-621))?
3, 23
Let t(f) = -f**2 - 12*f - 28. Let x be t(-8). Suppose -1074 = -2*b - x*a, b - 4*a = -0*a + 567. List the prime factors of b.
547
Suppose d + 3 = -t, -3*t - 2 = -4*d + 7. Suppose -h + 130 = j, -2*j - 2*h - h + 255 = d. List the prime factors of j.
3, 5
Let t(y) = y**3 - 3*y**2 - 2*y - 2. Let g be t(2). Let r be (g/(-30))/(2/(-36)). What are the prime factors of ((2 - 6) + -8 + 4)*r?
2, 3
Suppose 0 = -2*o + 6, 3*v - 20*o - 93 = -24*o. Suppose -v*f + 31*f = 780. List the prime factors of f.
3, 5, 13
Suppose -1 = v, -4*p + 7*v = 8*v - 22643. What are the prime factors of p?
3, 17, 37
Let k = 0 + 0. Let v = 2499 + -1857. Suppose 0*u - v = -5*g - 2*u, -2*u + 2 = k. What are the prime factors of g?
2
Suppose 4*n = 5*c + 6*n + 1618, -3*c = -2*n + 958. Let m = 615 + c. What are the prime factors of m?
293
Suppose 4*z - z = 12. Suppose -9*h + 142 = -353. Suppose -i + h = z*i. List the prime factors of i.
11
Let l = -154 - -175. Let u(y) = -7*y + 204. List the prime factors of u(l).
3, 19
Suppose 5*r - 2639 = -k, 3*r = -r - 12. Let o = k + -1309. What are the prime factors of o?
5, 269
Suppose 9 = 3*h, 10*d - 4*h = 5*d + 33. Let l be 1/(-2)*(-366)/d*3. Suppose -4*b + 278 = z + l, 0 = -3*z - 2*b + 681. List the prime factors of z.
229
Let o(r) = r**3 + 6*r**2 - 2*r - 6. Let d be o(-6). Let t(u) = 10*u - 20. Let k be t(d). List the prime factors of (k*-3 - 3)/(-1).
3, 41
Suppose 70853 + 22841 = 14*q - 27518. List the prime factors of q.
2, 3, 13, 37
What are the prime factors of (-247312)/(-36) - (-1 - (-42)/54)?
2, 3, 5, 229
Suppose 1188 = -4*v + 10*v. Suppose 182 = 2*q - v. What are the prime factors of q?
2, 5, 19
Let w be (-137620)/(-50) + (8/(-10))/2. Suppose -4*j - 284 + w = 0. What are the prime factors of j?
617
Suppose 3*j + 2*w - 4*w - 21 = 0, 5*w = -3*j. List the prime factors of 1/1*j*247.
5, 13, 19
Let g(o) = 6*o**2 + 21*o + 15. Let y(a) = -2*a**2 - 11*a - 8. Let x(k) = 2*g(k) + 5*y(k). Let h be (-14)/3*(0 - 3). What are the prime factors of x(h)?
2, 5
Let q(m) = 2*m**2 + 20*m - 11 + 0*m**2 - 2*m**2 - 2*m**2. Let x be q(9). Suppose x*b - 232 - 720 = 0. What are the prime factors of b?
2, 17
Suppose 0 = -124*n - 218769 + 1187085. List the prime factors of n.
3, 19, 137
Let m = 1231 + -1234. Suppose -2*i = 3*p + 1008, 4*i + 93 = p + 429. What are the prime factors of (m/6)/(3/p)?
2, 7
Let b = 6414 - -25365. What are the prime factors of b?
3, 11, 107
Let o(a) = -a**3 - 10*a**2 - 17*a + 1. Let b be o(-8). Suppose -b = -t - 0. Suppose -156 = -t*u + 321. What are the prime factors of u?
53
Let z = 9159 + -5223. What are the prime factors of z?
2, 3, 41
Let k(z) = -z**3 + 15*z**2 + 9*z + 6. Let u be k(16). Let x = u - -72. Let m = x + 65. What are the prime factors of m?
31
Let c = 42 - 6. Let v = -13 + 15. Suppose v*a - c = -2*a. What are the prime factors of a?
3
Let p(k) = 4*k**2 + 250*k + 1995. List the prime factors of p(-92).
71, 181
Let a(c) = -556*c + 10484. What are the prime factors of a(-107)?
2, 8747
Let b(k) be the first derivative of -3*k**2/2 + 11*k - 92. What are the prime factors of b(-6)?
29
Let w = -543 - -1922. Let j = -815 + w. What are the prime factors of j?
2, 3, 47
Suppose 229928 + 193048 = 24*v. List the prime factors of v.
2, 2203
Let d be (-3)/1 + 21/(-3). Let x(w) = 10 - 1 + 4*w - 26*w + 20*w. List the prime factors of x(d).
29
Suppose -15*r = -10*r - 140. Let h = r + -3. What are the prime factors of h?
5
Let d = 33 - 31. Let n = 22 - d. What are the prime factors of 4/6 + 110/(-30) + n?
17
Suppose 256*n = 219*n + 276686. What are the prime factors of n?
2, 3739
Let w be (-15)/(-4) - 1*(-11)/44. Suppose -5*t = w*i - 4582, 0 = 2*t - 27*i + 28*i - 1834. What are the prime factors of t?
2, 3, 17
Let t = 1671 - 435. Let b = t + -415. List the prime factors of b.
821
Let a(n) = 110*n - 62. Let h(p) = 112*p - 62. Let q(y) = -3*a(y) + 2*h(y). What are the prime factors of q(-8)?
2, 5, 7, 13
Suppose 71*d + 129*d = -147*d + 7740876. What are the prime factors of d?
2, 3, 11, 13
Let c = 80 + -74. Let r be (-14 - -8)*(-2)/c. What are the prime factors of (2/r)/((-7)/(-1036))?
2, 37
Let n = 32 + -21. Suppose n*s + 99 = 12*s. Let y = s - 64. List the prime factors of y.
5, 7
Let d = 69 - 69. Suppose -2*i + 4*l - 260 = 2*i, d = 5*l. Let p = i + 200. List the prime factors of p.
3, 5
Suppose -9 = -3*s, -n - 3*s + 14871 = 178. What are the prime factors of n?
2, 3671
Let h(d) be the second derivative of -d**5/20 + d**4/12 - d**3/2 + 5*d**2/2 - d. Let t be h(-5). Let k = t - 89. What are the prime factors of k?
3
Let h = -60 + 30. Let k = h - -18. What are the prime factors of 62/(-4)*k/3?
2, 31
Suppose 176 = 25*b - 3*b. Suppose -2688 = -b*w + 2648. List the prime factors of w.
23, 29
Suppose -5*s - 5*d = -80, 3*s = -4*d + 44 + 2. Suppose s*z = 110 + 250. List the prime factors of z.
2, 5
Let u = -61 + 61. Let r(a) = 2*a**2 + 1. Let c be r(u). List the prime factors of 1/(-2*c/(-54)).
3
Let i = 63 - -61. Let m = 3005 + -2980. Let f = m + i. What are the prime factors of f?
149
Let p = -35 + 49. Suppose r + p = 5*l - 4, -4*l + 5*r + 6 = 0. List the prime factors of 1/l - 441/(-12).
37
Let l be (-1 - 4/(-6))*-12. Suppose -5083 = -l*q - 1587. Suppose 4*p = -z + 4*z + 700, 0 = -5*p + 4*z + q. What